{"id":1910,"date":"2017-12-15T20:42:34","date_gmt":"2017-12-15T20:42:34","guid":{"rendered":"http:\/\/www.cybermatica.com.py\/?post_type=product&#038;p=1910"},"modified":"2018-12-04T19:09:39","modified_gmt":"2018-12-04T19:09:39","slug":"issabel-iss-entry-appliance","status":"publish","type":"product","link":"https:\/\/www.cybermatica.com.py\/?product=issabel-iss-entry-appliance","title":{"rendered":"Issabel ISS Entry appliance"},"content":{"rendered":"<p>La soluci\u00f3n de telefon\u00eda que su empresa necesita debe integrar software estable con m\u00faltiple funcionalidad y hardware dise\u00f1ado especialmente para garantizar el tr\u00e1fico de llamadas requerido. Issabel \u00ae entiende que los negocios de telefon\u00eda VoIP requieren de hardware profesional con gran capacidad de soporte. Nosotros entendemos su negocio y queremos ayudarlo a desarrollar la mejor soluci\u00f3n posible para sus clientes y\/o su empresa.<\/p>\n<p>Los Appliances Issabel\u00ae de la Serie ISS UCR ofrecen el mismo software Issabel\u00ae al que usted acostumbrado, con Hardware de telefon\u00eda IP de los principales fabricantes del mercado. Ciertamente es la mejor alternativa disponible en el mercado para la peque\u00f1a y mediana industria.<\/p>\n<p>Caracter\u00edsticas Generales Dise\u00f1o Compacto<\/p>\n<p>El dise\u00f1o de nuestros appliances es sencillo y compacto lo cual los hace port\u00e1tiles y de f\u00e1cil mantenimiento. Con carcasas met\u00e1licas de sobremesa y 2U tienen accesibilidad para expansiones usando puertos PCI-e o puertos USB. Todos nuestros appliances son montables en rack lo cual permite integrarlos r\u00e1pidamente a su infraestructura de red establecida.<\/p>\n<p>Bajo consumo de Energ\u00eda<\/p>\n<p>Nuestros appliances est\u00e1n dise\u00f1ados para consumir la menor cantidad de poder necesario en condiciones normales. Por un lado esto permite un ahorro en energ\u00eda y en gastos de operaci\u00f3n del equipo y por otro contribuimos con la conservaci\u00f3n del medio ambiente.<\/p>\n<p>Capacidad de Intetgraci\u00f3n Digital y Anal\u00f3gica<\/p>\n<p>Los Appliance Issabel\u00ae de la serie ISS UCR integran tarjetas digitales o anal\u00f3gicas (FXO\/FXS, E1\/T1, GSM), de acuerdo a su requerimiento. Estamos disponibles para asesorarlo antes de ordenar una implementaci\u00f3n de tal manera que usted explote las funcionalidades de su appliance al m\u00e1ximo. Todo hardware viene integrado, pre-configurado y probado desde nuestras instalaciones.[googlepdf url=\u00bbhttps:\/\/www.cybermatica.com.py\/wp-content\/uploads\/2017\/11\/Issabel-Overview-A4-ES-V1.0.1-171020-1.pdf\u00bb download=\u00bbDownload\u00bb ]<\/p>\n","protected":false},"excerpt":{"rendered":"<p>Numero m\u00e1ximo de extensiones110<br \/>\nTipo de lineasAnal\u00f3gicos, RDSI, PRI E1 (opcional no incluido)<br \/>\nNumero de lineas ISDNhasta 4 BRI<br \/>\nNumero de lineas PRI Hasta 1 E1\/T1\/J1<br \/>\nL\u00edneas anal\u00f3gicasHasta 8<br \/>\nNumero de extensiones SIPHasta 110<br \/>\nNumero de llamadas simult\u00e1neasHasta 32<br \/>\nPuertos LAN3 x Gigabit<br \/>\nDisco Duro16 GB mSATA SSD<br \/>\nMemoria RAM2 GB<\/p>\n","protected":false},"featured_media":1374,"comment_status":"open","ping_status":"closed","template":"","meta":{"_joinchat":[]},"product_brand":[],"product_cat":[54],"product_tag":[],"class_list":{"0":"post-1910","1":"product","2":"type-product","3":"status-publish","4":"has-post-thumbnail","6":"product_cat-categoria-de-centrales-ip-issabel","8":"first","9":"instock","10":"downloadable","11":"shipping-taxable","12":"product-type-simple"},"aioseo_notices":[],"jetpack_sharing_enabled":true,"_links":{"self":[{"href":"https:\/\/www.cybermatica.com.py\/index.php?rest_route=\/wp\/v2\/product\/1910","targetHints":{"allow":["GET"]}}],"collection":[{"href":"https:\/\/www.cybermatica.com.py\/index.php?rest_route=\/wp\/v2\/product"}],"about":[{"href":"https:\/\/www.cybermatica.com.py\/index.php?rest_route=\/wp\/v2\/types\/product"}],"replies":[{"embeddable":true,"href":"https:\/\/www.cybermatica.com.py\/index.php?rest_route=%2Fwp%2Fv2%2Fcomments&post=1910"}],"wp:featuredmedia":[{"embeddable":true,"href":"https:\/\/www.cybermatica.com.py\/index.php?rest_route=\/wp\/v2\/media\/1374"}],"wp:attachment":[{"href":"https:\/\/www.cybermatica.com.py\/index.php?rest_route=%2Fwp%2Fv2%2Fmedia&parent=1910"}],"wp:term":[{"taxonomy":"product_brand","embeddable":true,"href":"https:\/\/www.cybermatica.com.py\/index.php?rest_route=%2Fwp%2Fv2%2Fproduct_brand&post=1910"},{"taxonomy":"product_cat","embeddable":true,"href":"https:\/\/www.cybermatica.com.py\/index.php?rest_route=%2Fwp%2Fv2%2Fproduct_cat&post=1910"},{"taxonomy":"product_tag","embeddable":true,"href":"https:\/\/www.cybermatica.com.py\/index.php?rest_route=%2Fwp%2Fv2%2Fproduct_tag&post=1910"}],"curies":[{"name":"wp","href":"https:\/\/api.w.org\/{rel}","templated":true}]}}