{"id":1749,"date":"2017-11-08T15:43:27","date_gmt":"2017-11-08T15:43:27","guid":{"rendered":"http:\/\/www.cybermatica.com.py\/?post_type=product&#038;p=1749"},"modified":"2017-11-08T15:43:27","modified_gmt":"2017-11-08T15:43:27","slug":"mikrotik-routerboard-rb-750gr3-hex-880mhz-256mb-l4","status":"publish","type":"product","link":"https:\/\/www.cybermatica.com.py\/?product=mikrotik-routerboard-rb-750gr3-hex-880mhz-256mb-l4","title":{"rendered":"MIKROTIK- ROUTERBOARD RB 750GR3 HEX 880MHZ 256MB L4"},"content":{"rendered":"<p><span style=\"font-size: 14pt;\"><strong>Especificaciones del producto <\/strong><\/span><\/p>\n<p><span style=\"font-size: 12pt;\">C\u00f3digo del producto RB750Gr3 frecuencia nominal CPU 880 MHz recuento de n\u00facleos de CPU 2<\/span><\/p>\n<p><span style=\"font-size: 12pt;\"> Tama\u00f1o de la RAM 256 MB 10\/100\/1000 puertos Ethernet 5 N\u00famero de puertos USB 1<\/span><\/p>\n<p><span style=\"font-size: 12pt;\"> PowerJack 1 tensi\u00f3n de entrada soportada 8 V &#8211; V 30 PoE s\u00ed monitor de tensi\u00f3n s\u00ed monitor de temperatura PCB s\u00ed dimensiones 113x89x28mm <\/span><\/p>\n<p><span style=\"font-size: 12pt;\">Sistema operativo RouterOS temperatura ambiente Probado 30 + 70 C CPU MT7621A<\/span><\/p>\n<p><span style=\"font-size: 12pt;\"> Consumo m\u00e1ximo de energ\u00eda 5W Tipo de ranura USB USB tipo A USB Power reset s\u00ed tipo de almacenamiento FLASH tama\u00f1o de almacenamiento 16 MB cuenta de subprocesos de CPU 4<\/span><\/p>\n","protected":false},"excerpt":{"rendered":"<pre id=\"tw-target-text\" class=\"tw-data-text tw-ta tw-text-small\" dir=\"ltr\" data-placeholder=\"Traducci\u00f3n\" data-fulltext=\"\"><span lang=\"es\" style=\"font-size: 12pt; font-family: Arial, Helvetica, sans-serif;\">Hex es un router Gigabit Ethernet de cinco puertos para la conectividad inal\u00e1mbrica, El dispositivo tiene un puerto USB. Esta nueva revisi\u00f3n actualizada de Hex trae varias mejoras en el rendimiento.\r\n\r\nEs accesible, peque\u00f1o y f\u00e1cil de usar, el mismo equipo viene con una potente CPU 880MHz de doble n\u00facleo y 256MB de RAM, con todas las configuraciones avanzadas RouterOS.\r\n\r\nCifrado IPsec de hardware (~ 470Mbps), ranura microSD que tambi\u00e9n proporciona mayor velocidad r \/ w para almacenar la base de datos en la tarjeta microSD.<\/span><\/pre>\n","protected":false},"featured_media":1750,"comment_status":"open","ping_status":"closed","template":"","meta":{"_joinchat":[]},"product_brand":[],"product_cat":[55],"product_tag":[],"class_list":{"0":"post-1749","1":"product","2":"type-product","3":"status-publish","4":"has-post-thumbnail","6":"product_cat-categoria-de-router","8":"first","9":"instock","10":"shipping-taxable","11":"purchasable","12":"product-type-simple"},"aioseo_notices":[],"jetpack_sharing_enabled":true,"_links":{"self":[{"href":"https:\/\/www.cybermatica.com.py\/index.php?rest_route=\/wp\/v2\/product\/1749","targetHints":{"allow":["GET"]}}],"collection":[{"href":"https:\/\/www.cybermatica.com.py\/index.php?rest_route=\/wp\/v2\/product"}],"about":[{"href":"https:\/\/www.cybermatica.com.py\/index.php?rest_route=\/wp\/v2\/types\/product"}],"replies":[{"embeddable":true,"href":"https:\/\/www.cybermatica.com.py\/index.php?rest_route=%2Fwp%2Fv2%2Fcomments&post=1749"}],"wp:featuredmedia":[{"embeddable":true,"href":"https:\/\/www.cybermatica.com.py\/index.php?rest_route=\/wp\/v2\/media\/1750"}],"wp:attachment":[{"href":"https:\/\/www.cybermatica.com.py\/index.php?rest_route=%2Fwp%2Fv2%2Fmedia&parent=1749"}],"wp:term":[{"taxonomy":"product_brand","embeddable":true,"href":"https:\/\/www.cybermatica.com.py\/index.php?rest_route=%2Fwp%2Fv2%2Fproduct_brand&post=1749"},{"taxonomy":"product_cat","embeddable":true,"href":"https:\/\/www.cybermatica.com.py\/index.php?rest_route=%2Fwp%2Fv2%2Fproduct_cat&post=1749"},{"taxonomy":"product_tag","embeddable":true,"href":"https:\/\/www.cybermatica.com.py\/index.php?rest_route=%2Fwp%2Fv2%2Fproduct_tag&post=1749"}],"curies":[{"name":"wp","href":"https:\/\/api.w.org\/{rel}","templated":true}]}}