{"id":1484,"date":"2017-10-10T18:11:05","date_gmt":"2017-10-10T18:11:05","guid":{"rendered":"http:\/\/www.cybermatica.com.py\/?page_id=1484"},"modified":"2022-03-08T14:10:15","modified_gmt":"2022-03-08T18:10:15","slug":"desarrollo-web","status":"publish","type":"page","link":"https:\/\/www.cybermatica.com.py\/?page_id=1484","title":{"rendered":"Desarrollo Web"},"content":{"rendered":"<div id=\"pl-1484\"  class=\"panel-layout\" ><div id=\"pg-1484-0\"  class=\"panel-grid panel-has-style\" ><div class=\"siteorigin-panels-stretch panel-row-style panel-row-style-for-1484-0\" data-stretch-type=\"full-stretched\" ><div id=\"pgc-1484-0-0\"  class=\"panel-grid-cell\" ><div id=\"panel-1484-0-0-0\" class=\"so-panel widget widget_sow-hero panel-first-child panel-last-child\" data-index=\"0\" ><div\n\t\t\t\n\t\t\tclass=\"so-widget-sow-hero so-widget-sow-hero-default-b199fd0c07d5-1484\"\n\t\t\t\n\t\t>\t\t\t\t<div class=\"sow-slider-base\" style=\"display: none\" tabindex=\"0\">\n\t\t\t\t\t<ul\n\t\t\t\t\tclass=\"sow-slider-images\"\n\t\t\t\t\tdata-settings=\"{&quot;pagination&quot;:true,&quot;speed&quot;:800,&quot;timeout&quot;:8000,&quot;paused&quot;:false,&quot;pause_on_hover&quot;:false,&quot;swipe&quot;:false,&quot;nav_always_show_desktop&quot;:&quot;&quot;,&quot;nav_always_show_mobile&quot;:&quot;&quot;,&quot;breakpoint&quot;:&quot;780px&quot;,&quot;unmute&quot;:false,&quot;anchor&quot;:null}\"\n\t\t\t\t\t\t\t\t\t\tdata-anchor-id=\"\"\n\t\t\t\t>\t\t<li class=\"sow-slider-image  sow-slider-image-cover\" style=\"visibility: visible;;background-color: #333333\" >\n\t\t\t\t\t<div class=\"sow-slider-image-container\">\n\t\t\t<div class=\"sow-slider-image-wrapper\">\n\t\t\t\t<h1 style=\"text-align: center\">Desarrollos a medida<\/h1>\n<h1 style=\"text-align: center\"><span style=\"color: #e4df61\">creamos tu imagen<\/span><\/h1>\n<p style=\"text-align: center\">\u00a0<\/p>\t\t\t<\/div>\n\t\t<\/div>\n\t\t<div class=\"sow-slider-image-overlay sow-slider-image-cover\" style=\"opacity: 0.4;background-image: url(http:\/\/www.cybermatica.com.py\/wp-content\/uploads\/2017\/10\/web-design-2038872_1920.jpg)\"  ><\/div>\t\t<\/li>\n\t\t<\/ul>\t\t\t\t<ol class=\"sow-slider-pagination\">\n\t\t\t\t\t\t\t\t\t\t\t<li><a href=\"#\" data-goto=\"0\" aria-label=\"mostrar diapositiva 1\"><\/a><\/li>\n\t\t\t\t\t\t\t\t\t<\/ol>\n\n\t\t\t\t<div class=\"sow-slide-nav sow-slide-nav-next\">\n\t\t\t\t\t<a href=\"#\" data-goto=\"next\" aria-label=\"diapositiva siguiente\" data-action=\"next\">\n\t\t\t\t\t\t<em class=\"sow-sld-icon-thin-right\"><\/em>\n\t\t\t\t\t<\/a>\n\t\t\t\t<\/div>\n\n\t\t\t\t<div class=\"sow-slide-nav sow-slide-nav-prev\">\n\t\t\t\t\t<a href=\"#\" data-goto=\"previous\" aria-label=\"diapositiva anterior\" data-action=\"prev\">\n\t\t\t\t\t\t<em class=\"sow-sld-icon-thin-left\"><\/em>\n\t\t\t\t\t<\/a>\n\t\t\t\t<\/div>\n\t\t\t\t<\/div><\/div><\/div><\/div><\/div><\/div><div id=\"pg-1484-1\"  class=\"panel-grid panel-has-style\" ><div class=\"panel-row-style panel-row-style-for-1484-1\" ><div id=\"pgc-1484-1-0\"  class=\"panel-grid-cell\" ><div id=\"panel-1484-1-0-0\" class=\"so-panel widget widget_sow-hero panel-first-child panel-last-child\" data-index=\"1\" ><div\n\t\t\t\n\t\t\tclass=\"so-widget-sow-hero so-widget-sow-hero-default-6e283e92799f-1484 so-widget-fittext-wrapper\"\n\t\t\t data-fit-text-compressor=\"0.85\"\n\t\t>\t\t\t\t<div class=\"sow-slider-base\" style=\"display: none\" tabindex=\"0\">\n\t\t\t\t\t<ul\n\t\t\t\t\tclass=\"sow-slider-images\"\n\t\t\t\t\tdata-settings=\"{&quot;pagination&quot;:true,&quot;speed&quot;:800,&quot;timeout&quot;:8000,&quot;paused&quot;:false,&quot;pause_on_hover&quot;:false,&quot;swipe&quot;:true,&quot;nav_always_show_desktop&quot;:&quot;&quot;,&quot;nav_always_show_mobile&quot;:&quot;&quot;,&quot;breakpoint&quot;:&quot;780px&quot;,&quot;unmute&quot;:false,&quot;anchor&quot;:null}\"\n\t\t\t\t\t\t\t\t\t\tdata-anchor-id=\"\"\n\t\t\t\t>\t\t<li class=\"sow-slider-image\" style=\"visibility: visible;;background-color: #333333\" >\n\t\t\t\t\t<div class=\"sow-slider-image-container\">\n\t\t\t<div class=\"sow-slider-image-wrapper\">\n\t\t\t\t<p style=\"text-align: center\"><span style=\"font-size: 18pt\"><strong>Haga que el nombre de su organizaci\u00f3n o empresa tenga renombre en la red<\/strong><\/span><\/p>\n<p style=\"text-align: center\">Cybermatica brinda desarrollo y posicionamiento de p\u00e1ginas web est\u00e1ticas y tambi\u00e9n din\u00e1micas. Adem\u00e1s ofrecemos servicio de Mail Server; si su empresa no cuenta con correos corporativos, le damos la oportunidad de que pueda acceder a direcciones de correo con el nombre de su organizaci\u00f3n ejemplo. <a href=\"mailto:ventas@cybermatica.com.py\">abenitez@miempresa.com.py<\/a> Ofrecemos el servicio de registro de dominio .com, .com.py, .coop.py, .org.py, .edu.py, etc.<\/p>\t\t\t<\/div>\n\t\t<\/div>\n\t\t\t\t<\/li>\n\t\t<\/ul>\t\t\t\t<ol class=\"sow-slider-pagination\">\n\t\t\t\t\t\t\t\t\t\t\t<li><a href=\"#\" data-goto=\"0\" aria-label=\"mostrar diapositiva 1\"><\/a><\/li>\n\t\t\t\t\t\t\t\t\t<\/ol>\n\n\t\t\t\t<div class=\"sow-slide-nav sow-slide-nav-next\">\n\t\t\t\t\t<a href=\"#\" data-goto=\"next\" aria-label=\"diapositiva siguiente\" data-action=\"next\">\n\t\t\t\t\t\t<em class=\"sow-sld-icon-thin-right\"><\/em>\n\t\t\t\t\t<\/a>\n\t\t\t\t<\/div>\n\n\t\t\t\t<div class=\"sow-slide-nav sow-slide-nav-prev\">\n\t\t\t\t\t<a href=\"#\" data-goto=\"previous\" aria-label=\"diapositiva anterior\" data-action=\"prev\">\n\t\t\t\t\t\t<em class=\"sow-sld-icon-thin-left\"><\/em>\n\t\t\t\t\t<\/a>\n\t\t\t\t<\/div>\n\t\t\t\t<\/div><\/div><\/div><\/div><\/div><\/div><div id=\"pg-1484-2\"  class=\"panel-grid panel-has-style\" ><div class=\"siteorigin-panels-stretch panel-row-style panel-row-style-for-1484-2\" data-stretch-type=\"full-stretched\" ><div id=\"pgc-1484-2-0\"  class=\"panel-grid-cell\" ><div id=\"panel-1484-2-0-0\" class=\"so-panel widget widget_sow-hero panel-first-child panel-last-child\" data-index=\"2\" ><div\n\t\t\t\n\t\t\tclass=\"so-widget-sow-hero so-widget-sow-hero-default-c3efb01afea4-1484\"\n\t\t\t\n\t\t>\t\t\t\t<div class=\"sow-slider-base\" style=\"display: none\" tabindex=\"0\">\n\t\t\t\t\t<ul\n\t\t\t\t\tclass=\"sow-slider-images\"\n\t\t\t\t\tdata-settings=\"{&quot;pagination&quot;:true,&quot;speed&quot;:800,&quot;timeout&quot;:8000,&quot;paused&quot;:false,&quot;pause_on_hover&quot;:false,&quot;swipe&quot;:false,&quot;nav_always_show_desktop&quot;:&quot;&quot;,&quot;nav_always_show_mobile&quot;:&quot;&quot;,&quot;breakpoint&quot;:&quot;780px&quot;,&quot;unmute&quot;:false,&quot;anchor&quot;:null}\"\n\t\t\t\t\t\t\t\t\t\tdata-anchor-id=\"\"\n\t\t\t\t>\t\t<li class=\"sow-slider-image  sow-slider-image-cover\" style=\"visibility: visible;;background-color: #333333\" >\n\t\t\t\t\t<div class=\"sow-slider-image-container\">\n\t\t\t<div class=\"sow-slider-image-wrapper\">\n\t\t\t\t<h1 style=\"text-align: center\">POSICIONAMIENTO=<span style=\"color: #ff9900\">VENTAS<\/span><\/h1>\n<p style=\"text-align: center\">Tenga en cuenta que si tiene una pagina web en Internet tiene m\u00e1s posibilidades de que su negocio\u00a0 llegue a mas personas, pero adicionalmente es importante que su sitio sea atractivo y que sea accesible para sus clientes. D\u00e9jenos ayudarle con este trabajo, en Cybermatica nos encargamos de que el nombre de su empresa u organizaci\u00f3n llegue a ser conocido<\/p>\n<h3 style=\"text-align: center\">\u00a0<\/h3>\t\t\t<\/div>\n\t\t<\/div>\n\t\t<div class=\"sow-slider-image-overlay sow-slider-image-cover\" style=\"opacity: 0.39;background-image: url(http:\/\/www.cybermatica.com.py\/wp-content\/uploads\/2017\/10\/graphic-design-studio-1563080_1920.jpg)\"  ><\/div>\t\t<\/li>\n\t\t<\/ul>\t\t\t\t<ol class=\"sow-slider-pagination\">\n\t\t\t\t\t\t\t\t\t\t\t<li><a href=\"#\" data-goto=\"0\" aria-label=\"mostrar diapositiva 1\"><\/a><\/li>\n\t\t\t\t\t\t\t\t\t<\/ol>\n\n\t\t\t\t<div class=\"sow-slide-nav sow-slide-nav-next\">\n\t\t\t\t\t<a href=\"#\" data-goto=\"next\" aria-label=\"diapositiva siguiente\" data-action=\"next\">\n\t\t\t\t\t\t<em class=\"sow-sld-icon-thin-right\"><\/em>\n\t\t\t\t\t<\/a>\n\t\t\t\t<\/div>\n\n\t\t\t\t<div class=\"sow-slide-nav sow-slide-nav-prev\">\n\t\t\t\t\t<a href=\"#\" data-goto=\"previous\" aria-label=\"diapositiva anterior\" data-action=\"prev\">\n\t\t\t\t\t\t<em class=\"sow-sld-icon-thin-left\"><\/em>\n\t\t\t\t\t<\/a>\n\t\t\t\t<\/div>\n\t\t\t\t<\/div><\/div><\/div><\/div><\/div><\/div><div id=\"pg-1484-3\"  class=\"panel-grid panel-no-style\" ><div id=\"pgc-1484-3-0\"  class=\"panel-grid-cell\" ><div id=\"panel-1484-3-0-0\" class=\"so-panel widget widget_sow-editor panel-first-child\" data-index=\"3\" ><div\n\t\t\t\n\t\t\tclass=\"so-widget-sow-editor so-widget-sow-editor-base\"\n\t\t\t\n\t\t>\n<div class=\"siteorigin-widget-tinymce textwidget\">\n\t<h2 style=\"text-align: center;\"><span style=\"color: #008000;\"><em><strong>NUESTROS PLANES<\/strong><\/em><\/span><\/h2>\n<table style=\"border-color: #278716;\" border=\"2\" width=\"768\">\n<tbody>\n<tr>\n<td style=\"text-align: center;\"><strong>Plan Bronce<\/strong><\/td>\n<td style=\"text-align: center;\"><strong>Plan Plata<\/strong><\/td>\n<td style=\"text-align: center;\"><strong>Plan Oro<\/strong><\/td>\n<\/tr>\n<tr>\n<td>\n<ul style=\"list-style-type: disc;\">\n<li>Servicio de hosting gratis por un a\u00f1o<\/li>\n<li>1GB de espacio.<\/li>\n<li>Dominio gratis por un a\u00f1o,<\/li>\n<li>correos ilimitados,<\/li>\n<li>desarrollo de una p\u00e1gina web responsivo<\/li>\n<\/ul>\n<\/td>\n<td>\n<ul>\n<li>Servicio de hosting gratis por un a\u00f1o<\/li>\n<li>2,5 GB de espacio, Dominio gratis por un a\u00f1o<\/li>\n<li>correos ilimitados,<\/li>\n<li>desarrollo de una p\u00e1gina web responsivo<\/li>\n<li>dise\u00f1o de 2 banner a elecci\u00f3n<\/li>\n<li>transferencia ilimitada, base de datos ilimitados,<\/li>\n<li>mantenimiento\/backup de sitio en forma trimestral<\/li>\n<li>Modificaciones de contenidos en forma trimestral<\/li>\n<\/ul>\n<\/td>\n<td>\n<ul>\n<li>Servicio de hosting gratis por un a\u00f1o<\/li>\n<li>5 GB de espacio, Dominio gratis por un a\u00f1o<\/li>\n<li>correos ilimitados,<\/li>\n<li>desarrollo de una p\u00e1gina web responsivo<\/li>\n<li>dise\u00f1o de 5 banner a elecci\u00f3n<\/li>\n<li>transferencia ilimitada<\/li>\n<li>Base de datos ilimitados<\/li>\n<li>cuenta accesible para dos dominios<\/li>\n<li>Mantenimiento\/backup en forma mensual<\/li>\n<li>Modificaciones de contenidos en forma mensual<\/li>\n<\/ul>\n<\/td>\n<\/tr>\n<\/tbody>\n<\/table>\n<p>P\u00f3ngase en Contacto con nosotros para solicitar presupuesto sobre nuestros servicios de hosting y dise\u00f1o web <span style=\"font-size: 14pt;\"><a href=\"http:\/\/www.cybermatica.com.py\/#contacto\"><strong>Aqu\u00ed<\/strong><\/a><\/span><\/p>\n<p>&nbsp;<\/p>\n<p><img fetchpriority=\"high\" fetchpriority=\"high\" decoding=\"async\" class=\" wp-image-2032 alignright\" src=\"http:\/\/www.cybermatica.com.py\/wp-content\/uploads\/2018\/12\/servidor-hosting-param-host-300x226.png\" alt=\"\" width=\"366\" height=\"276\" srcset=\"https:\/\/www.cybermatica.com.py\/wp-content\/uploads\/2018\/12\/servidor-hosting-param-host-300x226.png 300w, https:\/\/www.cybermatica.com.py\/wp-content\/uploads\/2018\/12\/servidor-hosting-param-host-350x263.png 350w, https:\/\/www.cybermatica.com.py\/wp-content\/uploads\/2018\/12\/servidor-hosting-param-host.png 465w\" sizes=\"(max-width: 366px) 100vw, 366px\" \/><img decoding=\"async\" class=\"size-medium wp-image-2041 alignleft\" src=\"http:\/\/www.cybermatica.com.py\/wp-content\/uploads\/2018\/12\/cloud-server-300x211.png\" alt=\"\" width=\"300\" height=\"211\" srcset=\"https:\/\/www.cybermatica.com.py\/wp-content\/uploads\/2018\/12\/cloud-server-300x211.png 300w, https:\/\/www.cybermatica.com.py\/wp-content\/uploads\/2018\/12\/cloud-server-350x246.png 350w, https:\/\/www.cybermatica.com.py\/wp-content\/uploads\/2018\/12\/cloud-server.png 426w\" sizes=\"(max-width: 300px) 100vw, 300px\" \/>Si necesita un alojamiento web, si necesita un dominio <span style=\"color: #0000ff;\">.com .net .gov .coop .py<span style=\"color: #000000;\">,<\/span><\/span>\u00a0tenemos los mejores planes.<\/p>\n<p>Contamos con servidores distribuidos en Norte America, alta disponibilidad, discos duros SSD, Panel de control Cpanel, certificados https. Soporte t\u00e9cnico 24x7, backup constante de su sitio. Esta es su oportunidad para tener su pagina web.<\/p>\n<p>&nbsp;<\/p>\n<p>&nbsp;<\/p>\n<p><img decoding=\"async\" class=\"size-medium wp-image-2037 alignleft\" src=\"http:\/\/www.cybermatica.com.py\/wp-content\/uploads\/2018\/12\/dominios-300x200.png\" alt=\"\" width=\"300\" height=\"200\" srcset=\"https:\/\/www.cybermatica.com.py\/wp-content\/uploads\/2018\/12\/dominios-300x200.png 300w, https:\/\/www.cybermatica.com.py\/wp-content\/uploads\/2018\/12\/dominios-350x234.png 350w, https:\/\/www.cybermatica.com.py\/wp-content\/uploads\/2018\/12\/dominios-272x182.png 272w, https:\/\/www.cybermatica.com.py\/wp-content\/uploads\/2018\/12\/dominios.png 424w\" sizes=\"(max-width: 300px) 100vw, 300px\" \/><\/p>\n<p>Es importante que su empresa tenga una imagen corporativa, y la mejor manera es teniendo una pagina donde sus clientes puedan acceder a sus productos y servicios, tenga mayor impacto en sus ventas, haga que mas personas conozcan el nombre de su negocio.<\/p>\n<p>&nbsp;<\/p>\n<p>&nbsp;<\/p>\n<p><img loading=\"lazy\" loading=\"lazy\" decoding=\"async\" class=\"size-medium wp-image-2039 alignright\" src=\"http:\/\/www.cybermatica.com.py\/wp-content\/uploads\/2018\/12\/planes-preconfigurados-300x185.png\" alt=\"\" width=\"300\" height=\"185\" srcset=\"https:\/\/www.cybermatica.com.py\/wp-content\/uploads\/2018\/12\/planes-preconfigurados-300x185.png 300w, https:\/\/www.cybermatica.com.py\/wp-content\/uploads\/2018\/12\/planes-preconfigurados-350x216.png 350w, https:\/\/www.cybermatica.com.py\/wp-content\/uploads\/2018\/12\/planes-preconfigurados.png 583w\" sizes=\"auto, (max-width: 300px) 100vw, 300px\" \/><\/p>\n<p>Ya no se preocupe si la energ\u00eda el\u00e9ctrica falla o si se queda sin sin internet, si tiene alojado su web tiene la seguridad de que su dominio estar\u00e1 activo los 365 d\u00edas del a\u00f1o.<\/p>\n<\/div>\n<\/div><\/div><div id=\"panel-1484-3-0-1\" class=\"so-panel widget widget_sow-editor panel-last-child\" data-index=\"4\" ><div\n\t\t\t\n\t\t\tclass=\"so-widget-sow-editor so-widget-sow-editor-base\"\n\t\t\t\n\t\t>\n<div class=\"siteorigin-widget-tinymce textwidget\">\n\t<link rel=\"stylesheet\" href=\"http:\/\/odoo.cybermatica.com.py:8069\/im_livechat\/external_lib.css\"\/> <script type=\"text\/javascript\" src=\"http:\/\/odoo.cybermatica.com.py:8069\/im_livechat\/external_lib.js\"><\/script> <script type=\"text\/javascript\" src=\"http:\/\/odoo.cybermatica.com.py:8069\/im_livechat\/loader\/1\"><\/script><br \/>\n<\/div>\n<\/div><\/div><\/div><\/div><\/div>","protected":false},"excerpt":{"rendered":"<p>Desarrollos a medida creamos tu imagen \u00a0 Haga que el nombre de su organizaci\u00f3n o empresa tenga renombre en la red Cybermatica brinda desarrollo y posicionamiento de p\u00e1ginas web est\u00e1ticas &#8230;<\/p>\n","protected":false},"author":1,"featured_media":0,"parent":0,"menu_order":0,"comment_status":"closed","ping_status":"closed","template":"template-fullwidth.php","meta":{"_joinchat":[],"footnotes":""},"class_list":["post-1484","page","type-page","status-publish","hentry"],"aioseo_notices":[],"jetpack_sharing_enabled":true,"amp_enabled":true,"_links":{"self":[{"href":"https:\/\/www.cybermatica.com.py\/index.php?rest_route=\/wp\/v2\/pages\/1484","targetHints":{"allow":["GET"]}}],"collection":[{"href":"https:\/\/www.cybermatica.com.py\/index.php?rest_route=\/wp\/v2\/pages"}],"about":[{"href":"https:\/\/www.cybermatica.com.py\/index.php?rest_route=\/wp\/v2\/types\/page"}],"author":[{"embeddable":true,"href":"https:\/\/www.cybermatica.com.py\/index.php?rest_route=\/wp\/v2\/users\/1"}],"replies":[{"embeddable":true,"href":"https:\/\/www.cybermatica.com.py\/index.php?rest_route=%2Fwp%2Fv2%2Fcomments&post=1484"}],"version-history":[{"count":114,"href":"https:\/\/www.cybermatica.com.py\/index.php?rest_route=\/wp\/v2\/pages\/1484\/revisions"}],"predecessor-version":[{"id":2372,"href":"https:\/\/www.cybermatica.com.py\/index.php?rest_route=\/wp\/v2\/pages\/1484\/revisions\/2372"}],"wp:attachment":[{"href":"https:\/\/www.cybermatica.com.py\/index.php?rest_route=%2Fwp%2Fv2%2Fmedia&parent=1484"}],"curies":[{"name":"wp","href":"https:\/\/api.w.org\/{rel}","templated":true}]}}